hest common factor of 6027 and 882?
147
What is the highest common factor of 77 and 98?
7
What is the highest common factor of 244 and 29829?
61
What is the highest common divisor of 32 and 6?
2
What is the highest common divisor of 2080 and 1280?
160
Calculate the greatest common divisor of 42 and 2198.
14
Calculate the greatest common divisor of 18 and 558.
18
Calculate the highest common factor of 198 and 9130.
22
Calculate the greatest common factor of 40 and 140.
20
What is the greatest common factor of 150 and 15870?
30
What is the highest common divisor of 240 and 30?
30
Calculate the highest common factor of 1885 and 2015.
65
What is the highest common factor of 253 and 23?
23
What is the greatest common factor of 432 and 16?
16
What is the greatest common divisor of 18 and 5058?
18
Calculate the highest common factor of 1136 and 32.
16
Calculate the highest common factor of 14630 and 7.
7
Calculate the greatest common factor of 671 and 549.
61
What is the highest common divisor of 30 and 1005?
15
Calculate the greatest common divisor of 39480 and 20.
20
Calculate the highest common divisor of 126 and 189.
63
Calculate the greatest common divisor of 4318 and 254.
254
What is the greatest common factor of 48 and 184?
8
What is the greatest common divisor of 34 and 4?
2
Calculate the greatest common divisor of 136 and 784.
8
What is the greatest common divisor of 3667 and 95?
19
What is the highest common divisor of 22 and 14?
2
Calculate the highest common divisor of 429 and 1419.
33
Calculate the highest common divisor of 187 and 1054.
17
Calculate the highest common divisor of 378 and 392.
14
Calculate the greatest common divisor of 6716 and 23.
23
Calculate the highest common factor of 31 and 1178.
31
Calculate the highest common divisor of 340 and 136.
68
Calculate the greatest common factor of 594 and 132.
66
Calculate the highest common divisor of 4925 and 50.
25
Calculate the highest common divisor of 176 and 368.
16
What is the greatest common divisor of 60 and 8292?
12
What is the highest common divisor of 94 and 893?
47
Calculate the highest common factor of 36 and 252.
36
Calculate the highest common divisor of 444 and 66.
6
What is the highest common divisor of 46 and 506?
46
Calculate the highest common divisor of 3 and 201.
3
What is the highest common divisor of 2821 and 31?
31
What is the highest common divisor of 16 and 16?
16
Calculate the greatest common factor of 576 and 32.
32
Calculate the highest common factor of 7435 and 10.
5
Calculate the highest common divisor of 4269 and 3.
3
What is the highest common factor of 125 and 1025?
25
What is the greatest common divisor of 455 and 260?
65
Calculate the greatest common factor of 28 and 3542.
14
What is the greatest common factor of 36 and 711?
9
What is the greatest common factor of 93 and 12?
3
Calculate the greatest common divisor of 4 and 34.
2
What is the greatest common divisor of 4675 and 187?
187
What is the highest common factor of 672 and 42?
42
What is the highest common factor of 192 and 24?
24
Calculate the greatest common factor of 119 and 34.
17
Calculate the highest common factor of 26 and 221.
13
What is the greatest common divisor of 15 and 2315?
5
What is the highest common factor of 51 and 544?
17
Calculate the greatest common divisor of 552 and 759.
69
Calculate the greatest common factor of 315 and 5397.
21
What is the highest common divisor of 2 and 160?
2
Calculate the greatest common factor of 105 and 3885.
105
Calculate the highest common divisor of 1692 and 36.
36
What is the greatest common factor of 109 and 1?
1
Calculate the greatest common divisor of 396 and 936.
36
Calculate the greatest common divisor of 3596 and 124.
124
Calculate the greatest common factor of 33 and 3.
3
Calculate the highest common factor of 9 and 12.
3
Calculate the greatest common divisor of 408 and 5168.
136
What is the highest common divisor of 27 and 15?
3
Calculate the greatest common divisor of 25365 and 285.
285
What is the greatest common divisor of 146 and 71686?
146
What is the greatest common divisor of 3420 and 140?
20
Calculate the highest common divisor of 121 and 187.
11
What is the highest common factor of 1336 and 128?
8
What is the greatest common divisor of 3 and 2379?
3
Calculate the greatest common divisor of 2688 and 84.
84
Calculate the highest common factor of 1397 and 319.
11
Calculate the greatest common divisor of 29540 and 140.
140
Calculate the greatest common factor of 2951 and 13.
13
Calculate the greatest common divisor of 792 and 33.
33
What is the greatest common divisor of 1648 and 16?
16
What is the greatest common divisor of 2 and 3?
1
Calculate the greatest common divisor of 70 and 170.
10
What is the highest common factor of 40 and 1704?
8
Calculate the highest common factor of 2410 and 20.
10
Calculate the greatest common factor of 5 and 565.
5
Calculate the greatest common divisor of 152 and 11020.
76
Calculate the greatest common divisor of 26 and 4901.
13
What is the highest common divisor of 513 and 627?
57
What is the greatest common divisor of 168 and 132?
12
What is the highest common divisor of 6 and 2214?
6
Calculate the highest common factor of 372 and 1736.
124
What is the highest common divisor of 288 and 9936?
144
Calculate the greatest common divisor of 18069 and 456.
57
What is the greatest common divisor of 8 and 584?
8
Calculate the greatest common factor of 192 and 3.
3
What is the greatest common factor of 90 and 2460?
30
What is the greatest common factor of 657 and 9?
9
Calculate the greatest common factor of 51579 and 22.
11
What is the greatest common factor of 46 and 12?
2
What is the greatest common factor of 72 and 312?
24
What is the greatest common factor of 75 and 125?
25
Calculate the greatest common factor of 106750 and 50.
50
What is the greatest common divisor of 105 and 3535?
35
Calculate the greatest common divisor of 91 and 208.
13
Calculate the greatest common divisor of 1 and 239.
1
Calculate the highest common factor of 96 and 352.
32
What is the greatest common divisor of 10392 and 6?
6
Calculate the greatest common factor of 6 and 90.
6
What is the highest common factor of 66 and 22?
22
Calculate the highest common divisor of 4847 and 111.
37
What is the highest common divisor of 1023 and 957?
33
What is the highest common divisor of 88 and 2552?
88
Calculate the highest common divisor of 2249 and 3633.
173
What is the greatest common factor of 26 and 481?
13
Calculate the highest common divisor of 135 and 30.
15
What is the greatest common divisor of 6624 and 12?
12
Calculate the greatest common factor of 693 and 504.
63
What is the highest common factor of 623 and 7?
7
Calculate the highest common factor of 12 and 402.
6
What is the greatest common divisor of 15 and 960?
15
What is the highest common divisor of 40 and 96?
8
What is the greatest common divisor of 21 and 19992?
21
Calculate the greatest common divisor of 13 and 66183.
13
Calculate the highest common divisor of 328 and 464.
8
What is the highest common factor of 182 and 156?
26
Calculate the highest common factor of 954 and 3.
3
What is the greatest common divisor of 6 and 30?
6
Calculate the greatest common factor of 714 and 1050.
42
Calculate the highest common factor of 113 and 113.
113
What is the greatest common divisor of 7656 and 660?
132
What is the highest common factor of 144 and 90?
18
Calculate the greatest common divisor of 260 and 182.
26
Calculate the greatest common factor of 665 and 70.
35
What is the greatest common factor of 14 and 4?
2
What is the highest common factor of 1274 and 26?
26
Calculate the highest common divisor of 95 and 855.
95
What is the highest common divisor of 535 and 749?
107
Calculate the highest common divisor of 27 and 513.
27
Calculate the greatest common divisor of 36 and 3180.
12
What is the highest common factor of 70 and 4830?
70
Calculate the highest common divisor of 28 and 812.
28
What is the greatest common divisor of 196 and 32046?
98
What is the greatest common divisor of 280 and 3640?
280
What is the highest common factor of 95 and 85?
5
Calculate the highest common factor of 100 and 550.
50
Calculate the highest common factor of 32 and 3552.
32
What is the hi